2)?
1772
Let s(l) = -94*l + 9032. Calculate s(96).
8
Let q(t) = 289643*t - 3475705. Give q(12).
11
Let g(b) = -123*b + 31798. Calculate g(194).
7936
Let y(u) = -475*u**2 - 3801*u - 14. What is y(-8)?
-6
Let t(i) = -5423*i - 163220. What is t(-30)?
-530
Let b(s) = 107*s**2 - 1382*s - 24. Give b(13).
93
Let w(s) = -s**3 - 232*s**2 - 10432*s - 173. What is w(-171)?
-2
Let y(t) = 38704*t - 1703001. Determine y(44).
-25
Let s(i) = -i**3 + 20*i**2 - 17*i + 54. Give s(15).
924
Let g(z) = z**2 - 506*z - 84221. What is g(638)?
-5
Let y(o) = o**3 + 74*o**2 + 530*o - 3694. What is y(-65)?
-119
Let d(g) = 2*g**2 + 16541*g - 49635. Determine d(3).
6
Let w(o) = -3*o**2 - 4153*o - 53501. Determine w(-13).
-19
Let q(k) = 60208*k - 240806. What is q(4)?
26
Let x(r) = 656*r - 8083. Determine x(12).
-211
Let i(y) = 770*y - 21580. Determine i(28).
-20
Let w(j) = -3*j**2 - 892*j - 59861. Determine w(-195).
4
Let q(s) = 5*s**3 + 62*s**2 + 140*s + 1340. Give q(-10).
1140
Let p(f) = f**2 - 125*f + 4807. What is p(59)?
913
Let m(y) = -258*y + 1190. Calculate m(6).
-358
Let d(u) = u**3 - 54*u**2 - 15151*u + 783. What is d(153)?
171
Let t(l) = 131733*l - 3556786. Give t(27).
5
Let w(t) = t**2 - 203*t - 58588. What is w(-161)?
16
Let q(u) = -99831*u + 1697135. Calculate q(17).
8
Let p(f) = 3*f**3 - 11*f**2 - 95*f + 602. Calculate p(8).
674
Let i(l) = -3673*l - 2372767. Give i(-646).
-9
Let i(p) = 3535*p + 21391. Determine i(-6).
181
Let n(h) = -29578*h + 59161. Give n(2).
5
Let t(c) = -182463*c + 364917. Give t(2).
-9
Let v(y) = -y**2 - 440*y + 59180. What is v(108)?
-4
Let l(f) = 23*f**2 + 3876*f - 7754. Calculate l(2).
90
Let x(y) = -y**2 - 15490*y + 3. Calculate x(0).
3
Let p(o) = 2*o**3 + 112*o**2 - 61*o - 3379. Give p(-56).
37
Let y(a) = 121736*a + 2434771. What is y(-20)?
51
Let k(s) = 2717*s - 440067. Determine k(162).
87
Let h(a) = 2*a**2 - 505*a + 23637. Determine h(192).
405
Let a(b) = -4849*b + 116342. Determine a(24).
-34
Let h(s) = -4*s**2 + 1503*s + 56153. Determine h(410).
-17
Let j(f) = 2*f**2 + 206*f + 2160. Determine j(-90).
-180
Let u(c) = c**3 + 111*c**2 + 329*c + 396. Determine u(-108).
-144
Let t(b) = -b**3 - 32*b**2 + 612*b + 9941. Calculate t(-41).
-22
Let d(t) = -330*t**2 + 3644*t - 132. Give d(11).
22
Let i(d) = -3719*d + 92297. Calculate i(25).
-678
Let y(j) = 154*j + 345. Determine y(0).
345
Let y(c) = -171*c + 2412. What is y(12)?
360
Let d(m) = 10*m**2 + 98*m + 182. Give d(-4).
-50
Let c(v) = -32649*v - 71. Determine c(0).
-71
Let k(c) = -13809*c - 372833. What is k(-27)?
10
Let k(u) = -14*u**3 - 1990*u**2 - 2262*u - 846. What is k(-141)?
0
Let j(d) = 221*d**2 - 39*d + 1392. Determine j(0).
1392
Let r(t) = -3*t**2 - 785*t - 17016. Calculate r(-24).
96
Let x(w) = -10*w**2 + 6084*w + 6090. What is x(-1)?
-4
Let t(q) = 3*q**2 - 2238*q + 8889. Calculate t(4).
-15
Let s(z) = -6337*z + 493888. What is s(78)?
-398
Let a(l) = 22*l**2 + 65*l - 390. Calculate a(5).
485
Let i(z) = z**3 + 63*z**2 + 155*z - 1422. Determine i(-60).
78
Let n(r) = -4*r**3 + 88*r**2 - 137*r + 2881. Determine n(22).
-133
Let l(v) = v**3 + 2*v**2 - 253*v + 682. Give l(-16).
1146
Let s(t) = 641*t - 15398. Give s(24).
-14
Let o(h) = -h**3 - 7*h**2 + 253*h + 2082. Give o(-11).
-217
Let i(m) = -2*m**2 - 34*m + 5812. Calculate i(42).
856
Let y(w) = -4*w**2 - 545*w - 1095. What is y(-2)?
-21
Let z(w) = -w**3 - w**2 + w + 65. Determine z(0).
65
Let o(j) = -j**3 - 72*j**2 - 1054*j + 6086. What is o(-31)?
-641
Let a(k) = -2624*k - 133837. What is a(-51)?
-13
Let i(t) = -18*t**3 - 381*t**2 - 69*t + 47. What is i(-21)?
173
Let s(a) = -2*a**3 - 588*a**2 + 29752*a + 2738. What is s(-338)?
34
Let o(q) = -2*q**2 - 1342*q + 138674. What is o(-762)?
-10
Let d(p) = 243*p**3 + 69*p - 68. What is d(1)?
244
Let m(h) = -108*h - 479. Calculate m(2).
-695
Let t(a) = -4327*a + 2531290. Give t(585).
-5
Let i(k) = -2*k**2 + 535*k - 35817. Determine i(133).
-40
Let o(f) = f**3 + 251*f**2 - 2879*f + 642. Determine o(-262).
-144
Let y(w) = 186*w + 98029. Give y(-527).
7
Let j(o) = 107*o + 65. Give j(2).
279
Let b(g) = 12*g**2 - 59*g + 395. Determine b(7).
570
Let z(q) = -4250*q - 93899. What is z(-22)?
-399
Let p(w) = -4*w**3 + 62*w**2 + 245*w - 641. Give p(18).
529
Let v(z) = -46210*z + 415903. Determine v(9).
13
Let y(g) = -2407838*g - 7223502. Give y(-3).
12
Let h(c) = -c**2 - 1579*c + 91455. What is h(56)?
-105
Let x(v) = 114*v**2 - 389*v - 258. What is x(4)?
10
Let h(w) = -w**3 + 74*w**2 - 431*w + 10556. What is h(70)?
-14
Let u(y) = 117*y + 19790. Give u(-174).
-568
Let d(n) = -6*n**3 - 36*n**2 - 229*n + 74. Give d(-6).
1448
Let t(x) = -x**2 - 167*x - 2430. Calculate t(-16).
-14
Let n(u) = 1772*u + 4906. Give n(-2).
1362
Let h(b) = 63767*b**2 + 318825*b - 36. Determine h(-5).
14
Let b(r) = -61727*r + 987947. What is b(16)?
315
Let l(q) = q**3 - 108*q - 414. Give l(-5).
1
Let v(o) = 3*o**3 - 589*o**2 - 853*o - 27126. What is v(198)?
0
Let g(a) = 2*a**3 + 86*a**2 - 260*a - 7553. Give g(-44).
15
Let d(x) = 888354*x - 4441749. Determine d(5).
21
Let s(g) = 4281*g - 5338404. Give s(1247).
3
Let h(v) = 507787*v - 3554637. What is h(7)?
-128
Let v(u) = 312*u + 1419. Determine v(6).
3291
Let j(h) = h**3 - 44*h**2 - 178*h + 94. Give j(46).
-3862
Let t(c) = -c**2 + 4293*c - 67. What is t(0)?
-67
Let c(s) = -20685*s - 82736. What is c(-4)?
4
Let w(x) = 10*x**2 - 145*x - 226. Determine w(18).
404
Let a(u) = -u**3 + 438*u**2 - 1588*u + 123016. What is a(435)?
-89
Let y(t) = -6859*t + 47959. Calculate y(7).
-54
Let j(v) = 41*v**2 + 22823*v + 15010. What is j(-556)?
-2
Let o(z) = -3*z**3 + 122*z**2 + 87*z + 89. What is o(41)?
1975
Let r(n) = 2*n**3 + 5*n**2 - 52*n + 61. Give r(-7).
-16
Let p(n) = -n**2 + 278*n + 260584. What is p(668)?
64
Let k(d) = -23*d**3 + 495*d**2 - 497*d + 3. What is k(1)?
-22
Let f(x) = 1103400*x - 4413588. Determine f(4).
12
Let l(a) = -31030*a + 2296226. What is l(74)?
6
Let y(d) = -2*d**3 + 86*d**2 + 5548*d - 238556. Determine y(43).
8
Let n(b) = 84*b**2 + 2746*b - 3049. Give n(-34).
691
Let r(j) = 9*j**2 + 3335*j - 115931. Give r(32).
5
Let k(b) = -7*b**3 + 10*b**2 + 59*b - 15. Give k(-6).
1503
Let c(h) = 2843*h - 157110. Give c(55).
-745
Let a(c) = -3*c**3 - 35*c**2 + 19*c + 232. Determine a(-14).
1338
Let i(l) = -20699*l - 61703723. What is i(-2981)?
-4
Let p(m) = 99359*m + 3080136. Determine p(-31).
7
Let s(f) = 3*f**2 - 262*f + 37. Give s(87).
-50
Let z(f) = -3*f**2 + 395*f - 12980. Determine z(66).
22
Let h(t) = t**3 - 122*t**2 - 9*t + 39. What is h(0)?
39
Let u(q) = -12*q**2 + 3135*q - 6964. Determine u(259).
29
Let v(m) = m**3 - 1264*m**2 + 292510*m - 4559. What is v(305)?
16
Let o(l) = -574*l - 8960. What is o(-16)?
224
Let j(c) = 1293*c + 7452. Give j(-6).
-306
Let x(k) = k**3 - 262*k**2 - 825*k + 7887. Give x(265).
-63
Let g(b) = -b**3 - 58*b**2 - 48*b + 503. Calculate g(-57).
-10
Let a(r) = -r**2 - 11648*r - 81468. What is a(-7)?
19
Let d(m) = -152*m**3 + 10*m**2 + 15*m - 20. Give d(1).
-147
Let i(c) = -11217*c + 157142. Determine i(14).
104
Let p(a) = -10790*a + 302132. Determine p(28).
12
Let j(r) = -74*r**2 + 1380*r + 11113. Calculate j(-8).
-4663
Let j(v) = 3*v**2 - 6381*v - 4330171. Give j(2668).
-7
Let k(f) = -242*f**2 + 652*f + 625. What is k(-1)?
-269
Let t(q) = -83154*q - 2660931. What is t(-32)?
-3
Let t(o) = 99029*o + 1089464. What is t(-11)?
145
Let l(f) = -3*f**3 + 33*f**2 + 1716*f + 115. Determine l(30).
295
Let t(j) = 1735*j + 86044. Give t(-50).
-706
Let o(i) = -4*i**2 - 102*i - 438. Give o(-13).
212
Let s(l) = l**3 + 21*l**2 + 43*l - 26. Determine s(-8).
462
Let q(g) = 8406*g - 200380. Determine q(24).
1364
Let g(l) = -22*l**2 + l + 28. What is g(2)?
-58
Let k(c) = 37*c**2 - 141*c + 765. Calculate k(5).
985
Let a(h) = 1254*h - 272858. Calculate a(218).
514
Let f(d) = -25317*d + 380060. Determine f(15).
305
Let g(q) = -2*q**2 + 47*q + 330. What is g(24)?
306
Let x(a) = -a**3 + 84*a**2 + 921*a - 812. What is x(94)?
-2598
Let l(n) = -n**3 - 10*n**2 + 3900*n + 42762. Calculate l(-11).
-17
Let k(o) = 304*o - 28433. Determine k(91).
-769
Let t(f) = 3*f**2 - 508*f + 19091. Determine t(113).
-6
Let y(i) = i**3 - 34*i**2 - 2325*i + 702. Determine y(68).
-182
Let r(y) = -y**3 - 6*y**2 - 36*y - 653. What is r(-12)?
643
Let b(o) = -79911*o + 6392895. Determine b(80).